r of s?
True
Suppose 0 = 5*d + 5*b - 0*b - 5265, -3*d + b = -3163. Let g = d - 684. Does 36 divide g?
False
Let k(h) = 9*h**2 + 4*h. Let g(c) = -8*c**2 - 3*c + 1. Let y(d) = -3*g(d) - 2*k(d). Let s be 9/(-2) + 6/4. Is y(s) a multiple of 16?
True
Let w = -884 - -2533. Is 97 a factor of w?
True
Is 120 a factor of ((-2)/6)/((-96)/172800)?
True
Let q = -5 - -9. Suppose -2*v - 36 = -5*x - 188, -3*x - 89 = v. Is q/10 - 1458/x a multiple of 15?
False
Suppose -2*j - u = -2955, -2*j = u - 2*u - 2949. Is j a multiple of 20?
False
Let d(p) = p**3 - 4*p**2 + 2*p - 1. Let m be d(7). Suppose 2*c - m = -2*y, -5*y + 382 = c - 2*c. Is 11 a factor of y?
True
Suppose 4*i + 0 = 12. Suppose -i*r = r + 2*v - 58, 5*r = -v + 71. Is 3 a factor of r?
False
Let a be (-2)/3*(-45)/6. Is a*(6/2 - (-4)/5) a multiple of 18?
False
Let c be -1*2/(4/(-2)). Let s(k) be the third derivative of 17*k**6/120 - k**4/24 - 59*k**2. Is 5 a factor of s(c)?
False
Let s(a) = a**2 + 5*a - 4. Let y(p) = -2*p - 1. Let j be y(-7). Let m = -21 + j. Is s(m) a multiple of 11?
False
Suppose -2*g + 1246 = -4*r, 2756 = 4*g - r + 264. Does 35 divide g?
False
Let d(h) = 2*h**3 - h**2 + 3*h - 2. Let c = 18 + -12. Suppose -n = 2*n - c. Is d(n) a multiple of 8?
True
Suppose -97 = -3*k - 7. Suppose m - k = -24. Is 3 a factor of m?
True
Let t = 2 + 0. Suppose -18 - t = -5*p. Suppose 5*r = -p*q + 3 + 32, -3*q - r + 40 = 0. Is 11 a factor of q?
False
Suppose 2*w = 27 + 159. Suppose -4*j + w = -2*j - 3*m, -m - 45 = -j. Suppose 0 = 5*g - 28 - j. Is 4 a factor of g?
False
Let t(q) = 11*q - 4. Let b be t(4). Suppose 10*h = -76 + 136. Is 15 a factor of ((-144)/(-40))/(h/b)?
False
Suppose -5*f + f + 1800 = 0. Suppose -2*t - 22 = 2*i - f, 0 = -t + 3*i + 218. Suppose 4*o + 3*j - 165 = 0, 6*o - o - t = 5*j. Is 14 a factor of o?
True
Suppose 23 = 3*g + q, -2*g - 2 = -3*q + 1. Suppose 5*u = g*x - 3*x + 303, 319 = 5*u + x. Is u a multiple of 21?
True
Suppose 4*u - 447 + 75 = 0. Does 5 divide u?
False
Let m be 5*((-2)/10)/((-3)/(-9)). Let f = 13 + m. Is 5 a factor of f?
True
Let f(y) = -36*y - 18*y + 74*y - 3 - 4 - 13*y. Let j(n) = -n**2 + 7*n - 2. Let l be j(6). Is 6 a factor of f(l)?
False
Let j = -917 - -1606. Is 13 a factor of j?
True
Suppose -r + 97 + 92 = 0. Does 7 divide r?
True
Is 9 a factor of (34 - 7)/((-6)/(-4))?
True
Let r = 8 - -14. Let u = -6 + r. Suppose u*k - 12*k = 84. Does 7 divide k?
True
Suppose -24*r + 165 = -13*r. Is r a multiple of 4?
False
Let w(g) = 4*g - g + 9*g. Let t be 3*7/(-21) + 4/2. Does 12 divide w(t)?
True
Let w(p) = -p**3 + 14*p**2 - 33*p + 138. Is 52 a factor of w(10)?
True
Let g(d) = -d + 16. Let s be g(0). Suppose -l = -5*h - 5 + 1, -5*h - 4*l + s = 0. Suppose 5*u = -3*v + 142, -v - 1 = -h. Is 9 a factor of u?
False
Let l = 10 + -40. Does 9 divide 5*(-6)/(l/25)?
False
Suppose -385*r + 825 = -380*r. Is r a multiple of 15?
True
Suppose 13 = 3*t + 7. Suppose -10 = -d - 4*y, t*d - d - 9 = -5*y. Is (-4)/d + (-1719)/(-63) a multiple of 15?
False
Suppose -a + 833 = a - 5*u, 0 = -u + 1. Is 11 a factor of a?
False
Let i(n) = n**3 - 13*n**2 - 13*n - 4. Suppose 4 + 10 = s. Is i(s) a multiple of 10?
True
Suppose -114*f = -104*f - 3900. Is 30 a factor of f?
True
Suppose 235*m - 228*m - 546 = 0. Is m a multiple of 39?
True
Suppose 0 = -5*k - a + 10, 0 = -a - 0*a. Suppose 5*v - 150 = -5*m, -k*v + 0*m + 46 = -5*m. Does 18 divide v?
False
Let n be 5 + (-7)/((-14)/(-6)). Let r(f) = -3*f**2 + 2*f. Let q be r(n). Does 31 divide q/(-2) - -29*2?
True
Suppose -3*c = c + 40. Let v = 11 + c. Does 17 divide v/(3/(1*153))?
True
Let r = -829 - -1527. Does 13 divide r?
False
Suppose -129*g + 5880 = -115*g. Does 20 divide g?
True
Is 26 a factor of (363/66)/(1/92)?
False
Let r = -8 - -8. Suppose r*g - 10 = -2*g. Suppose 31 = g*z - 4. Is z a multiple of 5?
False
Suppose -2*m + 754 - 110 = 0. Let w = 514 - m. Is w a multiple of 48?
True
Suppose -d - 3*j + 25 = 2, 4*d - 2*j - 50 = 0. Let r = -6 + d. Suppose -k + 10 + r = 0. Does 7 divide k?
False
Let h(o) = 36*o - 5. Let l(r) = 3*r - 26. Let w be l(9). Does 13 divide h(w)?
False
Let b(a) = -a + 96. Is b(4) a multiple of 46?
True
Let z(j) = 5*j**3 - j**2 + 1. Let n be z(1). Suppose -89 = -n*y + 246. Suppose -3*c = 4 - y. Is 16 a factor of c?
False
Let m(y) = y**2 + 4*y + 4. Let i be m(-4). Suppose -4*s - i + 12 = 0. Suppose -s*x + 64 = 2*x. Is 8 a factor of x?
True
Suppose 6*k = 4*k + 6. Let i be 13/((-52)/240) + k. Does 15 divide 3/(-2)*(i + 7)?
True
Let l(g) = -5*g - 11. Let k(y) = -11*y - 21. Let s(r) = 4*k(r) - 9*l(r). Let f be s(-15). Let b(o) = -o**3 - o**2 - o + 21. Is 10 a factor of b(f)?
False
Let z(o) = -2*o**3 - 4*o**3 + 4*o**3 + o**3 + 3 + 4*o**2 - 2*o. Let x be z(3). Suppose -2*l + 91 = w, -5*l = -3*w + x*w - 229. Is 20 a factor of l?
False
Let w(n) = n + 8. Let i be w(7). Let p = 13 - i. Is 1 + (-166 - p)/(-4) a multiple of 13?
False
Let i(y) = 187*y**3 + y**2 - y + 1. Let b(r) = r**2 - 8*r + 13. Let o be b(6). Is 27 a factor of i(o)?
False
Let q(l) = -6*l**2 - 3*l - 4. Let p be q(-4). Is (-4 + p/12)*-3 a multiple of 11?
False
Suppose -f - 18*c + 21*c = -672, 0 = 3*f + 3*c - 1980. Is f a multiple of 34?
False
Does 46 divide -2 + (111 - (-3 + 3))?
False
Let z = 14 - 4. Let p(i) = i**2 - 10*i + 9. Does 5 divide p(z)?
False
Let f(j) = 3*j + 1. Let i be f(0). Let q(v) = 6*v. Is 2 a factor of q(i)?
True
Suppose 3*p = -3*b - 9, 5*b + 19 = -3*p + 4. Suppose -11*s + 9*s + 6 = p. Suppose 282 = 5*j - h, -s*j - 5*h - 95 = -253. Is 15 a factor of j?
False
Let p = -5 - -13. Suppose -12 = 5*k - p*k. Suppose -k*b + 2*v + 218 = -b, -3*b = 5*v - 211. Does 19 divide b?
False
Suppose -9*l + 171 = -0*l. Is (-24)/10*(14 - l) a multiple of 2?
True
Let m = -266 + 806. Is 33 a factor of m?
False
Let c = -48 - -44. Let q = 7 - c. Is q a multiple of 2?
False
Let v be (1*-3*(-1)/3)/(-1). Does 4 divide 759/165 - v*(-3)/5?
True
Let c(l) = 2*l**2 - 3*l. Let y be c(2). Suppose d - 9 = -y*d. Suppose d*v = v + 24. Is 12 a factor of v?
True
Suppose 4*d - 5 = -q, 4*q + q + 9 = -3*d. Suppose -d*l + 116 = -7*l + 3*x, 2*l + 38 = 4*x. Let u = -16 - l. Is u a multiple of 5?
False
Let l(i) = -i + 2. Let k be l(2). Suppose 2*z - 5*f - 22 = 0, k*z + 4*z = f + 44. Let j = z - -2. Is 12 a factor of j?
False
Let d(t) = -t**3 - 15*t**2 + 16*t + 1. Let q be d(-16). Is 4 a factor of q/(((-5)/(-4))/5)?
True
Let h(p) = 13*p + 9. Let o be h(7). Let u = o - 56. Is u a multiple of 11?
True
Suppose 0 = -x - y + 1170, 5*x - 3*y - 6422 + 580 = 0. Is x a multiple of 19?
False
Suppose -3415 = -2*g + 5*p, -5*g + 7*g + 2*p = 3408. Is 31 a factor of g?
True
Let f = 58 - 74. Is 5 a factor of ((-1096)/f - 2/4) + -1?
False
Suppose -4*n + 2*n + 111 = -3*m, -246 = -5*n - 3*m. Suppose z = n + 16. Suppose -2*q = v - 2*v - z, 2*q - 52 = 4*v. Is q a multiple of 18?
True
Let b be 35/(-10)*(-2)/1. Let w be (-2)/7 - (-2)/b. Is -1 + 11 + w/(-4) a multiple of 5?
True
Let a(o) = o**3 + 4*o**2 - 2*o - 2. Let h be a(-4). Suppose t + h = 4*t. Suppose -7*u + y + 95 = -t*u, -3*y + 55 = 2*u. Does 10 divide u?
True
Let d(p) = 20*p - 6. Let m = 41 + -14. Suppose y + 6 = 5*i - 4, -m = -4*i - 3*y. Does 9 divide d(i)?
True
Is 48 a factor of (-165 - -168) + 1367*2*1?
False
Suppose -z = -436 - 166. Is z a multiple of 43?
True
Is (13 + 3 - 1)*50 a multiple of 49?
False
Suppose -6*d + 483 = 3. Is 15 a factor of d?
False
Let d = -255 - -276. Is 3 a factor of d?
True
Suppose 0 = -5*j - 2 + 12. Suppose -3*l + 98 = -j*l. Does 22 divide l?
False
Let f(v) be the third derivative of v**6/40 + v**5/15 - 7*v**4/24 - 2*v**3/3 + 8*v**2. Is f(4) a multiple of 46?
False
Is (-862)/(-10) - (-300)/375 a multiple of 13?
False
Let d be -1*(1 + -2 - 3). Let v(x) = 42*x - 4. Let m be v(d). Is 21 a factor of (-12)/(-8)*m/6?
False
Let b(v) = 22*v**2 - 2*v. Let h(x) = -2*x**3. Suppose -l + a = 4*l + 5, 2*l + 4*a + 2 = 0. Let u be h(l). Does 28 divide b(u)?
True
Let u be 314/(-3) - (-11)/(-33). Does 13 divide (u/(-28))/((-1)/(-48)*2)?
False
Let u(i) = -i**2 - 9*i - 9. Let d(g) = 10 - 1 - g**2 + 0 + 6*g. Let n be d(8). Is 3 a factor of u(n)?
False
Suppose -13*w = -9*w - 1456. Does 13 divide w?
True
Suppose -18*f + 677 = -1519. Is f a multiple of 4?
False
Let z(a) = 12*a + 84. Let i be (4/(-3))/(-4 + (-46)/(-12)). Is 30 a factor of z(i)?
True
Let o(r) = r**3 - 2*r*